s digit of r?
3
Let u = 246 + -171. What is the tens digit of u?
7
Let r(z) = -z**2 - 3*z + 85. What is the tens digit of r(0)?
8
Suppose 2*y + r + 199 = 3*y, -3*y + 4*r + 599 = 0. What is the hundreds digit of y?
1
Let a(z) = z - 10*z + 4 - 2*z**2 + z**3 + 9*z**2. Suppose -18 - 22 = 5*h. What is the units digit of a(h)?
2
Suppose -4*i + 2*h + 146 = 4*h, 3*h = -i + 29. What is the tens digit of i?
3
Let d(p) = p**3 + 12*p**2 + 4*p - 9. Let m be d(-12). Let l = m - -94. What is the tens digit of l?
3
Let v = -27 - -125. Suppose 0 = 4*l - v + 34. What is the tens digit of l?
1
Let u(a) = -a**2 + 7*a - 3. Let q be u(5). Suppose -q*p + 6*p + 18 = -5*c, -c + 4 = -4*p. What is the units digit of 10/p*9/(-5)?
9
Let l be ((-1)/(-2))/((-1)/(-24)). Let f = l - 4. Let i = f - -4. What is the units digit of i?
2
Let o be (0 + 0)*1 + -8. Let y = o - 1. Let j = y - -10. What is the units digit of j?
1
Let k = 149 - 89. Suppose -a + k = 4*a. What is the units digit of a?
2
Let n = -2 + 3. Let k = 17 - n. Suppose 3*i - k = i. What is the units digit of i?
8
Suppose -3*l - p = -5*p - 68, 0 = 2*l + p - 27. What is the units digit of l?
6
Let a = -14 - -21. What is the units digit of a?
7
Let a be (-1)/(-2)*-1*(2 - 2). Let z = -35 - -60. Suppose a = -4*u - 5*v + z, u = 2*v - 4*v + 4. What is the tens digit of u?
1
Let l = 22 - 16. Suppose -2*d + x - l*x = -17, 4*d - 3*x = -5. Suppose 5 + d = 2*c. What is the units digit of c?
3
Let d = -2 + 5. Suppose d*g - 36 = -g. What is the units digit of g?
9
Let l(u) = u - 2. Let j = 9 - -6. What is the units digit of l(j)?
3
Let l be (-10)/(4/(-2 + 0)). Suppose -5 = -0*u + 4*u + l*g, 2*u - 5 = -g. Suppose -u*n = -3*s - 19, 3*n - 9 = -s + 4*s. What is the units digit of s?
2
Let j(a) = -9*a**3 + 3*a**2 - 3*a**2. Let b be j(-1). Suppose -5*p - 4 = -b. What is the units digit of p?
1
Suppose -5*u - 3*m - 19 = 63, -3*u + 3*m = 30. Let x = u - -17. What is the units digit of x?
3
Let y be (235/(-5))/((-1)/1). Suppose 57 = 4*m - y. What is the units digit of m?
6
Suppose -7*s = -2*s - 70. What is the units digit of s?
4
Let i = 8 + -4. Let p(b) = 5*b**2 - 1. Let o be p(-1). Suppose -o*n = -i - 0. What is the units digit of n?
1
Let n = 108 + -73. What is the tens digit of (-1 - -5)*n/10?
1
Suppose 10*q = 5*q - 55. Let i = -7 - q. What is the units digit of i?
4
Let v(o) = -15*o**2 + 18*o**2 + 8*o - o - o. Let t be v(-4). Suppose -4*z - 5*w - t = -73, 5*z + 3*w - 58 = 0. What is the tens digit of z?
1
Let i be (-2)/(-4)*0 + 0. What is the units digit of (3 - i)*17/3?
7
Let b(p) = 5*p**2 + 9*p + 12. What is the units digit of b(-5)?
2
Let w(n) = 3*n**3 + n**2 - n. Let k be w(1). Suppose 2*s = -4*g - 2*s + 112, -44 = -g + k*s. Let z = g + -11. What is the units digit of z?
1
Suppose 4*s = -s + 30. Let k = 10 - s. Let c = k - -1. What is the units digit of c?
5
Suppose -6*j - 101 + 17 = 0. What is the units digit of (-358)/(-9) + j/(-63)?
0
Let b(s) = -73*s**3 - 2*s**2 - s. Let v be b(-1). Let t = v - 42. Let x = t + -20. What is the tens digit of x?
1
Let r(c) = -c**3 + 5*c**2 - 4. Let o be r(5). What is the units digit of (-2 - 6/o)*-8?
4
Let u(i) = i - 3. Let v be (4/(-8))/(1/(-18)). What is the units digit of u(v)?
6
What is the units digit of 6/(-14) + (4 - 832/(-14))?
3
Let h(i) = -i**3 - 2*i**2 + 2. Let n be h(-2). Let g(y) = -y**3 + 3*y**2 - y. What is the units digit of g(n)?
2
Let u = 5 + 0. Suppose 0*t = -4*h - t + 94, u*h = t + 113. What is the units digit of h?
3
Let q = -1 + -2. Let h(y) be the first derivative of -y**4/4 - y**3/3 + 5*y**2/2 + 3*y + 2. What is the units digit of h(q)?
6
Suppose 2*u - 7 = -b, -5*b + 0*u = 2*u - 11. What is the units digit of b?
1
Let p(w) = 28*w - 6. What is the hundreds digit of p(5)?
1
Suppose -1 = x - o, x - 5*o + 5 = -x. Suppose -2*d - d + 6 = x. Suppose -11 = -5*s + d*v, 9 - 21 = -3*s + 3*v. What is the units digit of s?
1
Let r be -15*(-2)/(-1)*-1. Let z be ((-2)/(-6))/(2/r). What is the units digit of 4/(-10) - (-22)/z?
4
Suppose 3*w = -4*w - w. Suppose 0 = 2*k - 2*z - 6, k = 3*z + 2 + 3. Suppose w = 3*r - k*v - 3 - 11, -14 = -4*r + 5*v. What is the units digit of r?
6
Suppose u + 3 - 5 = 0. Suppose 3*p + 2*p = -2*i - 11, 0 = -u*i - p - 23. Let m = -1 - i. What is the tens digit of m?
1
Let p be (-32)/5 + 15/(-25). Let o be 1/3 + 104/(-6). Let f = p - o. What is the tens digit of f?
1
Let g = 23 + -14. Let z(l) be the first derivative of -l**4/4 + 10*l**3/3 - 4*l**2 - 3*l - 3. What is the units digit of z(g)?
6
Let m be ((-9)/(-3))/9*39. Let s be (m/4 + -3)*4. Suppose 0 = -y - s + 3. What is the units digit of y?
2
Suppose 2*n + 6 = 12. Suppose 3 = i, n*w + 4*i - 90 = -0*w. What is the tens digit of w?
2
Let h(x) = -x**3 - 5*x**2 + 3*x + 4. Let v be h(-3). Let y = 37 + v. What is the units digit of y?
4
Suppose f = -0 + 1. What is the units digit of (f/(-3))/(3/(-63))?
7
Let s = 14 + -16. Let w = -3 - -4. What is the units digit of (-7 - w)/(s/2)?
8
Suppose 4*a = 6*a - 18. Let w(k) = -a + 10*k + 2*k**2 + k**2 - 4*k**2. What is the units digit of w(8)?
7
Let v = 16 - -10. What is the units digit of v?
6
Let h = 53 + -8. Suppose 0*s + h = 3*s. What is the tens digit of s?
1
Suppose 5*z - 15 + 0 = 0. Suppose -2*h = h - z. Let x = 2 - h. What is the units digit of x?
1
Suppose -4*u - 2*i = -6, u + 1 = -3*i - 0. Suppose 0 = 3*p - 12, -u*n - 3*p = -40 - 54. What is the tens digit of n?
4
Suppose 44 = -0*s + 4*s. Suppose -s = 3*b + 10. Let u = b - -12. What is the units digit of u?
5
Let h(s) = 6*s**3 + s. Let x be h(1). Suppose x*t - 9*t = -88. What is the units digit of t?
4
What is the tens digit of (-2)/(4/21)*-4?
4
Let d = 1 + 2. Let a be (-58)/(-10) - d/(-15). Suppose -z - a + 18 = 0. What is the units digit of z?
2
Let p(k) = 4*k**2 + 3. What is the units digit of p(-4)?
7
Let l(v) = 6*v + 12. Let u(h) = h**3 + 10*h**2 - 2*h - 14. Let s be u(-10). What is the tens digit of l(s)?
4
What is the hundreds digit of -1 + (4/12 - (-665)/3)?
2
Let t = -2 + 1. What is the units digit of (5 - -1)*1 - t?
7
Suppose l + 3*h = -2*l + 24, -5*h - 16 = -3*l. Suppose -3*n - 3*x - 18 = x, -4*x = -4*n + 4. Let q = l - n. What is the units digit of q?
9
Let c be 2/(-4) - 246/(-4). Let i = c + -40. What is the tens digit of i?
2
Let g(n) = -n. Let q(c) = c + 3. Let p be q(-2). Let i be p - (-2 - -1) - 5. What is the units digit of g(i)?
3
Let d = -3 - -16. Suppose -4*o + d + 27 = 0. What is the units digit of o?
0
Let g(v) be the second derivative of v**5/20 - 2*v**4/3 + 4*v**3/3 + 7*v**2/2 + 2*v. What is the tens digit of g(7)?
1
Suppose -6*a + 5*a = -3. Suppose w - a - 1 = 0. What is the units digit of w?
4
Suppose 2*q - 152 = 4*k, -5*k + 7 + 13 = 0. Suppose 3*g + q = 7*g. What is the units digit of g?
1
Let a = 6 - 11. Let o be a/(-10) - (-6)/(-4). What is the units digit of -2 + (0 - o) + 9?
8
Suppose 0 = -4*w + 11 + 1. Let o be -1 - w/((-9)/12). Suppose -o*s + 25 = 2*s. What is the units digit of s?
5
Let u be (2 - 8/3)*12. Suppose 4*z = 2*i - 4*i - 28, i = 3*z + 6. Let g = i - u. What is the units digit of g?
2
Suppose -2*m - 2*m = -20. Suppose -r = -0*r - m. Let n(x) = -x + 9. What is the units digit of n(r)?
4
Let x(p) = p**3 - 3*p**2 + 3*p - 1. Let v be x(3). Let d be (1 + 1)*-1 + 16. Suppose 0 = -4*s + 2*l + d, -3*l = -2*s + 25 - v. What is the units digit of s?
1
Let i(d) = -2*d - 1. Let m(n) = -n - 1. Let v = -14 + 9. Let p(q) = v*m(q) + 3*i(q). What is the units digit of p(-4)?
6
Suppose 3*o - 4*o = 0. Suppose 5*n + 0*u - 25 = -u, 0 = -2*n - 5*u + 33. Suppose -h + o*h + n = 0. What is the units digit of h?
4
Suppose 0 = -4*v + 616 - 108. What is the hundreds digit of v?
1
Suppose 0 = -2*l + j + 52, 0 = -3*l - 5*j - 38 + 129. Suppose 5*a + l = 6*a. What is the units digit of a?
7
Let c = 164 + -110. What is the units digit of c?
4
Let y(l) = 2*l**2 - 19*l + 14. What is the tens digit of y(12)?
7
Let y(m) = 2*m**3 - 8*m**2 + 6*m + 7. What is the tens digit of y(5)?
8
Let w(j) = j**3 + 7*j**2 - 2*j - 3. Let d be w(-6). Suppose -4*l + 5*a + d = -42, a + 3 = 0. What is the tens digit of l?
1
Let a(v) = 4*v**2 + 24*v + 12. What is the tens digit of a(-6)?
1
Let c = 64 + 31. What is the tens digit of c?
9
Let y be (90/12)/((-2)/(-4)). What is the tens digit of y + (-2)/((-2)/(-1))?
1
Let a